 96 + 57 = c, -5*c = 15. Calculate the remainder when u is divided by 15.
9
Suppose 0 = -9*o + 70 + 2. Let g(x) = x**3 - 4*x**2 + 5*x - 4. What is the remainder when g(4) is divided by o?
0
Let m be 0 + ((-630)/(-165) - 2/(-11)). Suppose -4*k + 2 = w - 29, m*k + 44 = 4*w. What is the remainder when 312 is divided by w?
12
Let o = 463 - 454. Let x(b) = 2*b**3 - 16*b**2 - 11*b - 29. Calculate the remainder when 133 is divided by x(o).
31
Suppose 17*x + 2*a - 261 = 4*a, 2*a = -5*x + 113. Calculate the remainder when 1 + (0 - 0) - -199 is divided by x.
13
Let b(z) be the second derivative of 2*z**3/3 + 38*z**2 - 5*z - 10. Calculate the remainder when 59 is divided by b(-15).
11
Suppose -304 + 86 = -2*l + 2*b, -2*b + 218 = 2*l. Calculate the remainder when l is divided by 198/7 + 44/(-154).
25
Suppose -21441 - 15647 = -1159*l. Let g = -158 - -299. Calculate the remainder when g is divided by l.
13
Let h(q) = q**3 + 3*q**2 - 17*q + 35. Let f = -832 + 837. What is the remainder when h(f) is divided by 41?
27
Let d = -16 - -21. Suppose -2*f - 3*q = q + 14, d*q = -2*f - 19. Calculate the remainder when (f - (-4 + 8))*94/(-2) is divided by 12.
11
Let p = -564 - -1105. Let y = 624 - p. What is the remainder when y is divided by 30?
23
Suppose 0 = -8*a + 11*a - z - 7, -2*a = -z - 5. Suppose a*b = -5*w + 146, -w - w + 50 = 5*b. Calculate the remainder when w is divided by 10.
0
Let p be -3 + 3 + 2 + -15. Let o = p - 32. What is the remainder when ((-1110)/o)/((-4)/(-6)) is divided by 16?
5
What is the remainder when 6297 is divided by ((-105)/(-63) - (-4)/(-3))*450?
147
Suppose 0 = -24*i + 59761 - 59401. Calculate the remainder when 4424 is divided by i.
14
Let o be 3/(1/((-4175)/(-15))). Suppose 0 = -25*f - o + 2885. What is the remainder when f is divided by 11?
5
Suppose -2*l = 5*l - 119. Let n = 90 - l. What is the remainder when n is divided by 13?
8
Let d(i) = 199*i + 7739. What is the remainder when d(-34) is divided by 438?
97
Let v(m) = 5*m**2 - 115*m - 180. Calculate the remainder when v(25) is divided by 5.
0
Let r(x) = x**3 + 20*x**2 + 16*x + 22. Let b be r(-19). Let q = -134 + b. Calculate the remainder when 82 is divided by (q - 1)/((-28)/14).
26
Let h(t) = -t**3 - 3*t**2 - t - 5. Let y(m) = -m**2 + 18*m - 15. Let d be y(17). Suppose d*z + 4 = z. What is the remainder when h(z) is divided by 8?
7
Suppose -5*v = -2*j - 969, -238*v + j = -234*v - 777. What is the remainder when v is divided by 185?
10
Let l(b) = -241*b + 106*b + 118*b + 24 + 16. What is the remainder when 131 is divided by l(2)?
5
Suppose 0 = -13*i + 7129 + 10109. What is the remainder when i is divided by 659?
8
Suppose -62 = -2*g - 12. Let j(h) = -3*h + 141. Let w be j(45). Let t = g - w. Calculate the remainder when 207 is divided by t.
17
Let u = -5 - -15. Suppose 2*j + 80 = -4*s + 88, 0 = s + j. Suppose 0 = i + s*t - 21, -37*i = -39*i + 3*t + 20. Calculate the remainder when i is divided by u.
3
Let s(g) = 2*g**2 + 4*g - 5. Let v be 18/(-5)*(0 - -10). Let n be 9/v - (-9)/4. What is the remainder when 40 is divided by s(n)?
7
Let x = 18 + -4. Let k be ((-5)/(-15))/(433/72 - 6). Calculate the remainder when k + 4/10*(-10 - -15) is divided by x.
12
Let x be 30/8 - -8*15/(-160). Calculate the remainder when ((-585)/30)/(x/(-90)) is divided by 98.
95
Let m = 13 - -12. Let s(k) = -185*k - 96. What is the remainder when s(-1) is divided by m?
14
Let q(t) = 511*t + 525. Calculate the remainder when 259 is divided by q(-1).
7
Let l = 455 + -448. Calculate the remainder when 70 is divided by (-6)/12*(l + -25).
7
Let o(u) = -u - 6. Suppose 6*q = 172 - 40. Suppose 2*d - 3*v = 15, 5*v - q = 5*d - 57. Calculate the remainder when d is divided by o(-9).
0
Let l(s) be the second derivative of 5*s**3/6 - 3*s**2/2 - s. Let c = -969 + 973. What is the remainder when 65 is divided by l(c)?
14
Suppose 37*w - 38880 + 12314 = 0. Calculate the remainder when 750 is divided by w.
32
Let j(y) = -3*y**3 - 5*y**2 + 10*y + 9. Let i be j(3). Let b = -37 - i. Calculate the remainder when 699 is divided by b.
49
Let y(q) = -q**3 + 6*q**2 + 20*q - 15. Suppose -3*w - 4*w = -119. Suppose -t + w = -0*t + 3*r, 0 = -r + 3. What is the remainder when 49 is divided by y(t)?
15
Let x = -371 - -213. Calculate the remainder when (9 - -27)*x/(-6) is divided by 73.
72
Suppose -8*u = -5*u. Let k(x) = -2*x - 8. Let s be k(u). Let q = 26 + s. What is the remainder when q is divided by 6?
0
Let z(q) = 32*q**3 - 2*q**2 - 38*q + 77. Calculate the remainder when 729 is divided by z(2).
231
Let u = -344 + 484. Suppose -20*o - 44*o + 1308 = 45*o. What is the remainder when u is divided by o?
8
Suppose 4*p - 556 - 4396 = 0. Let a = p - 362. Calculate the remainder when 27 is divided by (-1)/10*-4 + a/60.
12
Let k = 332 + -186. Suppose -11*v - k = -949. Calculate the remainder when v is divided by 21.
10
Let d(c) = -c**3 + 37*c**2 - 36*c + 33. Let w = 215 + -195. Calculate the remainder when d(36) is divided by w.
13
What is the remainder when (-4 - 0) + (146 - (-28 + 9)) is divided by 3?
2
Suppose 3*z = a - 11, -4*a + 0*z = -z - 22. Suppose -3*v = 5*o - 140, -2*o - 9 = a*v - 84. What is the remainder when o is divided by (42/(-3))/(20 + -21)?
11
Let w = -12164 - -16344. What is the remainder when w is divided by 1392?
4
Suppose 0 = -7*t - 18 + 557. Suppose -i = -105 + t. What is the remainder when i is divided by 8?
4
Let d(b) = b**2 - b - 59. Let p be d(0). Suppose 7*t = 12*t + 530. Let g = p - t. Calculate the remainder when g is divided by 25.
22
What is the remainder when (5 - (-69666)/45) + (-4)/30 is divided by 74?
73
Let a be 3 + (-5 - -8) + -6. Suppose a = -10*j + 643 + 657. What is the remainder when j is divided by 20?
10
What is the remainder when 8758 is divided by (-198 - -261)*(-4)/(-42)?
4
Let y = 58 + -27. Let d(c) = 9*c + 72. Let w = 294 - 278. Calculate the remainder when d(w) is divided by y.
30
Suppose 5*r + 3*v - 252 = 0, 3*r + 2*v - 68 = 83. What is the remainder when 59 is divided by r?
8
What is the remainder when 113 is divided by ((-150)/(-14) - -3) + -5 + (-74)/(-14)?
1
Let x = -4 + 7. Suppose -5 = -x*a + 10. What is the remainder when 12/84*(-434)/(-2) is divided by a?
1
Let m(r) = -r**2 - 14*r - 44. Let b be m(-7). Suppose 5*f - 165 = -2*k, b*f - 9*k + 10*k = 165. What is the remainder when 129 is divided by f?
30
Let x be -5*(-9 + -6 + 7). Suppose x = -7*a + 306. What is the remainder when 136 is divided by a?
22
Suppose 0 = 9313*g - 9470*g + 12246. Calculate the remainder when 2328 is divided by g.
66
Suppose -131 = -3*n + 85. Let l = 6900 + -6469. What is the remainder when l is divided by n?
71
Suppose -o - 2 = -74. Suppose -3*u + 366 = -5*d, 0 = 13*d - 10*d + 5*u + 206. What is the remainder when o is divided by (-1794)/d - 4/(-48)?
22
Suppose -4*h + q + 28 = -0*h, -4*h - 4*q + 8 = 0. What is the remainder when 11097/117 - h/(-39) is divided by 8?
7
Suppose 17654*y - 17635*y = 114. Calculate the remainder when 82 is divided by y.
4
Let l = -215 + 214. Let j = -3 - -5. Calculate the remainder when (-4)/(-12)*(8 + (-1)/l) is divided by j.
1
Suppose 115 - 85 = 3*t. Suppose 16*w - t*w - 18 = 0. What is the remainder when 15 is divided by w?
0
Suppose -2586 = -4*f + m, -295*f + 292*f + 1926 = -3*m. What is the remainder when f is divided by 215?
3
Let v = -18 - -20. Let a be (-4)/(-22) - 260/(-22). Suppose v*q - a + 6 = 0. What is the remainder when 6 is divided by q?
0
Suppose 4*k - 5*v - 24 = 254, 0 = k - 2*v - 68. Suppose 164 = 5*g - 21. Calculate the remainder when k is divided by g.
35
Suppose 0 = 5*u - u. Suppose u = -0*d + 5*d + 75. What is the remainder when 4*d/(-6)*(5 + -3) is divided by 9?
2
Suppose -2*q + 2*o + 40 = -o, -4*o - 59 = -3*q. Suppose -802 = -24*r + 374. What is the remainder when r is divided by q?
15
What is the remainder when 2069 is divided by (-58 - -54)*30/(-8)?
14
Suppose -341 = -5*v - 3*c + 129, v - 2*c - 107 = 0. Suppose -5*n = v - 147. Calculate the remainder when 478 is divided by n.
8
Suppose 162 = 4*u + 5*b, u + 0*u - 41 = -b. Suppose -5*k = -2*t + 7, -22 = -12*t + 8*t + 2*k. Calculate the remainder when u is divided by -1*((-6)/9)/(t/135).
13
Let c(h) = -h**2 - 37*h + 340. What is the remainder when c(-33) is divided by 235?
2
Let q(z) = -z**2 - 14*z + 21. 